{"id":4158,"date":"2023-08-01T15:56:46","date_gmt":"2023-08-01T15:56:46","guid":{"rendered":"https:\/\/cardancabos.com\/?page_id=4158"},"modified":"2023-08-01T15:58:39","modified_gmt":"2023-08-01T15:58:39","slug":"somos-marca-pais","status":"publish","type":"page","link":"https:\/\/cardancabos.com\/en\/somos-marca-pais\/","title":{"rendered":"Somos Marca Pa\u00eds"},"content":{"rendered":"<div data-elementor-type=\"wp-page\" data-elementor-id=\"4158\" class=\"elementor elementor-4158\">\n\t\t\t\t\t\t<section class=\"elementor-section elementor-top-section elementor-element elementor-element-a4028cf elementor-section-full_width elementor-section-height-min-height elementor-section-stretched elementor-section-height-default elementor-section-items-middle\" data-id=\"a4028cf\" data-element_type=\"section\" data-e-type=\"section\" data-settings=\"{&quot;stretch_section&quot;:&quot;section-stretched&quot;,&quot;background_background&quot;:&quot;classic&quot;}\">\n\t\t\t\t\t\t<div class=\"elementor-container elementor-column-gap-default\">\n\t\t\t\t\t<div class=\"elementor-column elementor-col-100 elementor-top-column elementor-element elementor-element-2cb2faad\" data-id=\"2cb2faad\" data-element_type=\"column\" data-e-type=\"column\">\n\t\t\t<div class=\"elementor-widget-wrap\">\n\t\t\t\t\t\t\t<\/div>\n\t\t<\/div>\n\t\t\t\t\t<\/div>\n\t\t<\/section>\n\t\t<div class=\"elementor-element elementor-element-28bcde1a e-flex e-con-boxed e-con e-parent\" data-id=\"28bcde1a\" data-element_type=\"container\" data-e-type=\"container\">\n\t\t\t\t\t<div class=\"e-con-inner\">\n\t\t<div class=\"elementor-element elementor-element-cc36b8c e-con-full e-flex e-con e-parent\" data-id=\"cc36b8c\" data-element_type=\"container\" data-e-type=\"container\">\n\t\t\t\t<div class=\"elementor-element elementor-element-448d2a22 elementor-widget elementor-widget-konte-heading\" data-id=\"448d2a22\" data-element_type=\"widget\" data-e-type=\"widget\" data-widget_type=\"konte-heading.default\">\n\t\t\t\t<div class=\"elementor-widget-container\">\n\t\t\t\t\t<h2 class=\"konte-heading-title konte-heading-title--default\">Somos Marca Pa\u00eds<\/h2>\t\t\t\t<\/div>\n\t\t\t\t<\/div>\n\t\t\t\t<div class=\"elementor-element elementor-element-4c160422 elementor-widget elementor-widget-konte-heading\" data-id=\"4c160422\" data-element_type=\"widget\" data-e-type=\"widget\" data-widget_type=\"konte-heading.default\">\n\t\t\t\t<div class=\"elementor-widget-container\">\n\t\t\t\t\t<p class=\"konte-heading-title konte-heading-title--default\">The  Marca Pa\u00eds  is the graphic, nominal, and symbolic representation that identifies a country and differentiates it from others, making it unique. It is a process that involves building and protecting the country's international reputation and its image abroad. The result of a well-positioned and clear image is added value to the products generated within it.<\/p>\t\t\t\t<\/div>\n\t\t\t\t<\/div>\n\t\t\t\t<div class=\"elementor-element elementor-element-782888f elementor-widget elementor-widget-konte-heading\" data-id=\"782888f\" data-element_type=\"widget\" data-e-type=\"widget\" data-widget_type=\"konte-heading.default\">\n\t\t\t\t<div class=\"elementor-widget-container\">\n\t\t\t\t\t<p class=\"konte-heading-title konte-heading-title--default\">\nLa marca de un pa\u00eds act\u00faa como marco de referencia, como indicador de calidad, no solo de los productos y servicios que ofrece, sino tambi\u00e9n de sus lugares tur\u00edsticos y como pa\u00eds de inversi\u00f3n, creando a nivel interno un sentimiento de orgullo nacional. Integrando tanto lo p\u00fablico como lo privado, para transmitir cada ventaja con que se cuenta, beneficiando al pa\u00eds en su conjunto.\n\nEs muy valioso para Cardan Cabos el reconocimiento de nuestro pa\u00eds por el trabajo y el esfuerzo de mantener nuestra identidad y la producci\u00f3n local. \n\nIr a Marca Pais<\/p>\t\t\t\t<\/div>\n\t\t\t\t<\/div>\n\t\t\t\t<\/div>\n\t\t\t\t\t<\/div>\n\t\t\t\t<\/div>\n\t\t\t\t<\/div>","protected":false},"excerpt":{"rendered":"<p>Somos Marca Pa\u00eds La Marca Pa\u00eds es la representaci\u00f3n gr\u00e1fica, nominal y simb\u00f3lica que identifica a un pa\u00eds y lo diferencia de los dem\u00e1s haci\u00e9ndolo \u00fanico. Es un proceso que&hellip;<\/p>","protected":false},"author":1,"featured_media":0,"parent":0,"menu_order":0,"comment_status":"closed","ping_status":"closed","template":"","meta":{"_coblocks_attr":"","_coblocks_dimensions":"","_coblocks_responsive_height":"","_coblocks_accordion_ie_support":"","_themeisle_gutenberg_block_has_review":false,"footnotes":""},"class_list":["post-4158","page","type-page","status-publish","hentry"],"_links":{"self":[{"href":"https:\/\/cardancabos.com\/en\/wp-json\/wp\/v2\/pages\/4158","targetHints":{"allow":["GET"]}}],"collection":[{"href":"https:\/\/cardancabos.com\/en\/wp-json\/wp\/v2\/pages"}],"about":[{"href":"https:\/\/cardancabos.com\/en\/wp-json\/wp\/v2\/types\/page"}],"author":[{"embeddable":true,"href":"https:\/\/cardancabos.com\/en\/wp-json\/wp\/v2\/users\/1"}],"replies":[{"embeddable":true,"href":"https:\/\/cardancabos.com\/en\/wp-json\/wp\/v2\/comments?post=4158"}],"version-history":[{"count":10,"href":"https:\/\/cardancabos.com\/en\/wp-json\/wp\/v2\/pages\/4158\/revisions"}],"predecessor-version":[{"id":4168,"href":"https:\/\/cardancabos.com\/en\/wp-json\/wp\/v2\/pages\/4158\/revisions\/4168"}],"wp:attachment":[{"href":"https:\/\/cardancabos.com\/en\/wp-json\/wp\/v2\/media?parent=4158"}],"curies":[{"name":"wp","href":"https:\/\/api.w.org\/{rel}","templated":true}]}}

Somos Marca País

<div data-elementor-type="wp-page" data-elementor-id="4158" class="elementor elementor-4158">
						<section class="elementor-section elementor-top-section elementor-element elementor-element-a4028cf elementor-section-full_width elementor-section-height-min-height elementor-section-stretched elementor-section-height-default elementor-section-items-middle" data-id="a4028cf" data-element_type="section" data-e-type="section" data-settings="{&quot;stretch_section&quot;:&quot;section-stretched&quot;,&quot;background_background&quot;:&quot;classic&quot;}">
						<div class="elementor-container elementor-column-gap-default">
					<div class="elementor-column elementor-col-100 elementor-top-column elementor-element elementor-element-2cb2faad" data-id="2cb2faad" data-element_type="column" data-e-type="column">
			<div class="elementor-widget-wrap">
							</div>
		</div>
					</div>
		</section>
		<div class="elementor-element elementor-element-28bcde1a e-flex e-con-boxed e-con e-parent" data-id="28bcde1a" data-element_type="container" data-e-type="container">
					<div class="e-con-inner">
		<div class="elementor-element elementor-element-cc36b8c e-con-full e-flex e-con e-parent" data-id="cc36b8c" data-element_type="container" data-e-type="container">
				<div class="elementor-element elementor-element-448d2a22 elementor-widget elementor-widget-konte-heading" data-id="448d2a22" data-element_type="widget" data-e-type="widget" data-widget_type="konte-heading.default">
				<div class="elementor-widget-container">
					<h2 class="konte-heading-title konte-heading-title--default">Somos Marca País</h2>				</div>
				</div>
				<div class="elementor-element elementor-element-4c160422 elementor-widget elementor-widget-konte-heading" data-id="4c160422" data-element_type="widget" data-e-type="widget" data-widget_type="konte-heading.default">
				<div class="elementor-widget-container">
					<p class="konte-heading-title konte-heading-title--default">The  Marca País  is the graphic, nominal, and symbolic representation that identifies a country and differentiates it from others, making it unique. It is a process that involves building and protecting the country's international reputation and its image abroad. The result of a well-positioned and clear image is added value to the products generated within it.</p>				</div>
				</div>
				<div class="elementor-element elementor-element-782888f elementor-widget elementor-widget-konte-heading" data-id="782888f" data-element_type="widget" data-e-type="widget" data-widget_type="konte-heading.default">
				<div class="elementor-widget-container">
					<p class="konte-heading-title konte-heading-title--default">
La marca de un país actúa como marco de referencia, como indicador de calidad, no solo de los productos y servicios que ofrece, sino también de sus lugares turísticos y como país de inversión, creando a nivel interno un sentimiento de orgullo nacional. Integrando tanto lo público como lo privado, para transmitir cada ventaja con que se cuenta, beneficiando al país en su conjunto.

Es muy valioso para Cardan Cabos el reconocimiento de nuestro país por el trabajo y el esfuerzo de mantener nuestra identidad y la producción local. 

Ir a Marca Pais</p>				</div>
				</div>
				</div>
					</div>
				</div>
				</div>

<p>Somos Marca País La Marca País es la representación gráfica, nominal y simbólica que identifica a un país y lo diferencia de los demás haciéndolo único. Es un proceso que&hellip;</p>
